{"id":59,"date":"2022-01-08T18:30:14","date_gmt":"2022-01-08T18:30:14","guid":{"rendered":"https:\/\/www.urbancarphotography.com\/?page_id=59"},"modified":"2022-01-22T15:03:03","modified_gmt":"2022-01-22T14:03:03","slug":"conocenos","status":"publish","type":"page","link":"https:\/\/www.urbancarphotography.com\/index.php\/conocenos\/","title":{"rendered":"Con\u00f3cenos"},"content":{"rendered":"\t\t<div data-elementor-type=\"wp-page\" data-elementor-id=\"59\" class=\"elementor elementor-59\">\n\t\t\t\t\t\t<section class=\"elementor-section elementor-top-section elementor-element elementor-element-cc76c2d elementor-section-boxed elementor-section-height-default elementor-section-height-default\" data-id=\"cc76c2d\" data-element_type=\"section\" data-e-type=\"section\">\n\t\t\t\t\t\t<div class=\"elementor-container elementor-column-gap-default\">\n\t\t\t\t\t<div class=\"elementor-column elementor-col-50 elementor-top-column elementor-element elementor-element-bd12f46\" data-id=\"bd12f46\" data-element_type=\"column\" data-e-type=\"column\">\n\t\t\t<div class=\"elementor-widget-wrap\">\n\t\t\t\t\t\t\t<\/div>\n\t\t<\/div>\n\t\t\t\t<div class=\"elementor-column elementor-col-50 elementor-top-column elementor-element elementor-element-d7c0634\" data-id=\"d7c0634\" data-element_type=\"column\" data-e-type=\"column\">\n\t\t\t<div class=\"elementor-widget-wrap elementor-element-populated\">\n\t\t\t\t\t\t<div class=\"elementor-element elementor-element-14684e9 elementor-widget elementor-widget-heading\" data-id=\"14684e9\" data-element_type=\"widget\" data-e-type=\"widget\" data-widget_type=\"heading.default\">\n\t\t\t\t<div class=\"elementor-widget-container\">\n\t\t\t\t\t<h6 class=\"elementor-heading-title elementor-size-default\">Desde hace muchos a\u00f1os siempre me ha gustado fusionar dos de mis hobbies, el mundo del motor y el de la fotograf\u00eda,  \npara mi una fusi\u00f3n perfecta. Mi nombre es Javier Gonz\u00e1lez, CEO de UrbanCarPhotography, fot\u00f3grafo de veh\u00edculos y productos relacionados con el mundo del motor.\nCon la llegada de los m\u00f3viles de \u00faltima generaci\u00f3n se han mejorado mucho las c\u00e1maras fotogr\u00e1ficas, la iluminaci\u00f3n, los retoques, las diferentes opciones de disparo...est\u00e1 claro no? La tecnolog\u00eda avanza r\u00e1pido y con fuerza,  pero una buena fotograf\u00eda no es solo hacer un \"click\" y reajustar colores, es algo m\u00e1s...es buscar la manera de potenciar esa im\u00e1gen limpi\u00e1ndola, sacarle detalles, jugar con las sombras, las altas luces ... variantes que podemos reajustar gracias a la edici\u00f3n del formato que nos ofrece nuestra c\u00e1mara fotogr\u00e1fica y en eso consiste parte de mi trabajo, en exprimir al m\u00e1ximo el potencial de mis fotograf\u00edas gracias a la edici\u00f3n y el revelado digital. Ya sabes que si tienes cualquier duda o simplemente tienes curiosidad por saber c\u00f3mo se ha editado una fotograf\u00eda o la t\u00e9cnica utilizada s\u00f3lo tienes que contactarme y estar\u00e9 encantado de poder ayudarte. Gracias por dedicar unos minutos de tu tiempo en leerme y conocerme. Un saludo<\/h6>\t\t\t\t<\/div>\n\t\t\t\t<\/div>\n\t\t\t\t\t<\/div>\n\t\t<\/div>\n\t\t\t\t\t<\/div>\n\t\t<\/section>\n\t\t\t\t<section class=\"elementor-section elementor-top-section elementor-element elementor-element-bc5aa69 elementor-section-boxed elementor-section-height-default elementor-section-height-default\" data-id=\"bc5aa69\" data-element_type=\"section\" data-e-type=\"section\">\n\t\t\t\t\t\t<div class=\"elementor-container elementor-column-gap-default\">\n\t\t\t\t\t<div class=\"elementor-column elementor-col-25 elementor-top-column elementor-element elementor-element-002b42a\" data-id=\"002b42a\" data-element_type=\"column\" data-e-type=\"column\">\n\t\t\t<div class=\"elementor-widget-wrap elementor-element-populated\">\n\t\t\t\t\t\t<div class=\"elementor-element elementor-element-12a8558 elementor-widget elementor-widget-image\" data-id=\"12a8558\" data-element_type=\"widget\" data-e-type=\"widget\" data-widget_type=\"image.default\">\n\t\t\t\t<div class=\"elementor-widget-container\">\n\t\t\t\t\t\t\t\t\t\t\t\t\t\t\t<img fetchpriority=\"high\" decoding=\"async\" width=\"1024\" height=\"228\" src=\"https:\/\/www.urbancarphotography.com\/wp-content\/uploads\/2022\/01\/nikon2-1024x228.jpg\" class=\"attachment-large size-large wp-image-127\" alt=\"\" srcset=\"https:\/\/www.urbancarphotography.com\/wp-content\/uploads\/2022\/01\/nikon2-1024x228.jpg 1024w, https:\/\/www.urbancarphotography.com\/wp-content\/uploads\/2022\/01\/nikon2-300x67.jpg 300w, https:\/\/www.urbancarphotography.com\/wp-content\/uploads\/2022\/01\/nikon2-768x171.jpg 768w, https:\/\/www.urbancarphotography.com\/wp-content\/uploads\/2022\/01\/nikon2-1536x342.jpg 1536w, https:\/\/www.urbancarphotography.com\/wp-content\/uploads\/2022\/01\/nikon2-1226x273.jpg 1226w, https:\/\/www.urbancarphotography.com\/wp-content\/uploads\/2022\/01\/nikon2-928x206.jpg 928w, https:\/\/www.urbancarphotography.com\/wp-content\/uploads\/2022\/01\/nikon2.jpg 2006w\" sizes=\"(max-width: 1024px) 100vw, 1024px\" \/>\t\t\t\t\t\t\t\t\t\t\t\t\t\t\t<\/div>\n\t\t\t\t<\/div>\n\t\t\t\t\t<\/div>\n\t\t<\/div>\n\t\t\t\t<div class=\"elementor-column elementor-col-25 elementor-top-column elementor-element elementor-element-da575cc\" data-id=\"da575cc\" data-element_type=\"column\" data-e-type=\"column\">\n\t\t\t<div class=\"elementor-widget-wrap elementor-element-populated\">\n\t\t\t\t\t\t<div class=\"elementor-element elementor-element-c56f04a elementor-widget elementor-widget-image\" data-id=\"c56f04a\" data-element_type=\"widget\" data-e-type=\"widget\" data-widget_type=\"image.default\">\n\t\t\t\t<div class=\"elementor-widget-container\">\n\t\t\t\t\t\t\t\t\t\t\t\t\t\t\t<img decoding=\"async\" width=\"1024\" height=\"228\" src=\"https:\/\/www.urbancarphotography.com\/wp-content\/uploads\/2022\/01\/neweer-1024x228.jpg\" class=\"attachment-large size-large wp-image-128\" alt=\"\" srcset=\"https:\/\/www.urbancarphotography.com\/wp-content\/uploads\/2022\/01\/neweer-1024x228.jpg 1024w, https:\/\/www.urbancarphotography.com\/wp-content\/uploads\/2022\/01\/neweer-300x67.jpg 300w, https:\/\/www.urbancarphotography.com\/wp-content\/uploads\/2022\/01\/neweer-768x171.jpg 768w, https:\/\/www.urbancarphotography.com\/wp-content\/uploads\/2022\/01\/neweer-1536x342.jpg 1536w, https:\/\/www.urbancarphotography.com\/wp-content\/uploads\/2022\/01\/neweer-1226x273.jpg 1226w, https:\/\/www.urbancarphotography.com\/wp-content\/uploads\/2022\/01\/neweer-928x206.jpg 928w, https:\/\/www.urbancarphotography.com\/wp-content\/uploads\/2022\/01\/neweer.jpg 2006w\" sizes=\"(max-width: 1024px) 100vw, 1024px\" \/>\t\t\t\t\t\t\t\t\t\t\t\t\t\t\t<\/div>\n\t\t\t\t<\/div>\n\t\t\t\t\t<\/div>\n\t\t<\/div>\n\t\t\t\t<div class=\"elementor-column elementor-col-25 elementor-top-column elementor-element elementor-element-bc31fac\" data-id=\"bc31fac\" data-element_type=\"column\" data-e-type=\"column\">\n\t\t\t<div class=\"elementor-widget-wrap elementor-element-populated\">\n\t\t\t\t\t\t<div class=\"elementor-element elementor-element-8d74c14 elementor-widget elementor-widget-image\" data-id=\"8d74c14\" data-element_type=\"widget\" data-e-type=\"widget\" data-widget_type=\"image.default\">\n\t\t\t\t<div class=\"elementor-widget-container\">\n\t\t\t\t\t\t\t\t\t\t\t\t\t\t\t<img decoding=\"async\" width=\"1024\" height=\"228\" src=\"https:\/\/www.urbancarphotography.com\/wp-content\/uploads\/2022\/01\/kf-1024x228.jpg\" class=\"attachment-large size-large wp-image-129\" alt=\"\" srcset=\"https:\/\/www.urbancarphotography.com\/wp-content\/uploads\/2022\/01\/kf-1024x228.jpg 1024w, https:\/\/www.urbancarphotography.com\/wp-content\/uploads\/2022\/01\/kf-300x67.jpg 300w, https:\/\/www.urbancarphotography.com\/wp-content\/uploads\/2022\/01\/kf-768x171.jpg 768w, https:\/\/www.urbancarphotography.com\/wp-content\/uploads\/2022\/01\/kf-1536x342.jpg 1536w, https:\/\/www.urbancarphotography.com\/wp-content\/uploads\/2022\/01\/kf-1226x273.jpg 1226w, https:\/\/www.urbancarphotography.com\/wp-content\/uploads\/2022\/01\/kf-928x206.jpg 928w, https:\/\/www.urbancarphotography.com\/wp-content\/uploads\/2022\/01\/kf.jpg 2006w\" sizes=\"(max-width: 1024px) 100vw, 1024px\" \/>\t\t\t\t\t\t\t\t\t\t\t\t\t\t\t<\/div>\n\t\t\t\t<\/div>\n\t\t\t\t\t<\/div>\n\t\t<\/div>\n\t\t\t\t<div class=\"elementor-column elementor-col-25 elementor-top-column elementor-element elementor-element-65f5420\" data-id=\"65f5420\" data-element_type=\"column\" data-e-type=\"column\">\n\t\t\t<div class=\"elementor-widget-wrap elementor-element-populated\">\n\t\t\t\t\t\t<div class=\"elementor-element elementor-element-397a535 elementor-widget elementor-widget-image\" data-id=\"397a535\" data-element_type=\"widget\" data-e-type=\"widget\" data-widget_type=\"image.default\">\n\t\t\t\t<div class=\"elementor-widget-container\">\n\t\t\t\t\t\t\t\t\t\t\t\t\t\t\t<img loading=\"lazy\" decoding=\"async\" width=\"1024\" height=\"228\" src=\"https:\/\/www.urbancarphotography.com\/wp-content\/uploads\/2022\/01\/tamron-1024x228.jpg\" class=\"attachment-large size-large wp-image-130\" alt=\"\" srcset=\"https:\/\/www.urbancarphotography.com\/wp-content\/uploads\/2022\/01\/tamron-1024x228.jpg 1024w, https:\/\/www.urbancarphotography.com\/wp-content\/uploads\/2022\/01\/tamron-300x67.jpg 300w, https:\/\/www.urbancarphotography.com\/wp-content\/uploads\/2022\/01\/tamron-768x171.jpg 768w, https:\/\/www.urbancarphotography.com\/wp-content\/uploads\/2022\/01\/tamron-1536x342.jpg 1536w, https:\/\/www.urbancarphotography.com\/wp-content\/uploads\/2022\/01\/tamron-1226x273.jpg 1226w, https:\/\/www.urbancarphotography.com\/wp-content\/uploads\/2022\/01\/tamron-928x206.jpg 928w, https:\/\/www.urbancarphotography.com\/wp-content\/uploads\/2022\/01\/tamron.jpg 2006w\" sizes=\"(max-width: 1024px) 100vw, 1024px\" \/>\t\t\t\t\t\t\t\t\t\t\t\t\t\t\t<\/div>\n\t\t\t\t<\/div>\n\t\t\t\t\t<\/div>\n\t\t<\/div>\n\t\t\t\t\t<\/div>\n\t\t<\/section>\n\t\t\t\t<\/div>\n\t\t","protected":false},"excerpt":{"rendered":"<p>Desde hace muchos a\u00f1os siempre me ha gustado fusionar dos de mis hobbies, el mundo del motor y el de&#8230;<\/p>\n","protected":false},"author":1,"featured_media":0,"parent":0,"menu_order":0,"comment_status":"closed","ping_status":"closed","template":"","meta":{"footnotes":""},"class_list":["post-59","page","type-page","status-publish","hentry"],"_links":{"self":[{"href":"https:\/\/www.urbancarphotography.com\/index.php\/wp-json\/wp\/v2\/pages\/59","targetHints":{"allow":["GET"]}}],"collection":[{"href":"https:\/\/www.urbancarphotography.com\/index.php\/wp-json\/wp\/v2\/pages"}],"about":[{"href":"https:\/\/www.urbancarphotography.com\/index.php\/wp-json\/wp\/v2\/types\/page"}],"author":[{"embeddable":true,"href":"https:\/\/www.urbancarphotography.com\/index.php\/wp-json\/wp\/v2\/users\/1"}],"replies":[{"embeddable":true,"href":"https:\/\/www.urbancarphotography.com\/index.php\/wp-json\/wp\/v2\/comments?post=59"}],"version-history":[{"count":16,"href":"https:\/\/www.urbancarphotography.com\/index.php\/wp-json\/wp\/v2\/pages\/59\/revisions"}],"predecessor-version":[{"id":133,"href":"https:\/\/www.urbancarphotography.com\/index.php\/wp-json\/wp\/v2\/pages\/59\/revisions\/133"}],"wp:attachment":[{"href":"https:\/\/www.urbancarphotography.com\/index.php\/wp-json\/wp\/v2\/media?parent=59"}],"curies":[{"name":"wp","href":"https:\/\/api.w.org\/{rel}","templated":true}]}}

Conócenos

<div data-elementor-type="wp-page" data-elementor-id="59" class="elementor elementor-59">
						<section class="elementor-section elementor-top-section elementor-element elementor-element-cc76c2d elementor-section-boxed elementor-section-height-default elementor-section-height-default" data-id="cc76c2d" data-element_type="section" data-e-type="section">
						<div class="elementor-container elementor-column-gap-default">
					<div class="elementor-column elementor-col-50 elementor-top-column elementor-element elementor-element-bd12f46" data-id="bd12f46" data-element_type="column" data-e-type="column">
			<div class="elementor-widget-wrap">
							</div>
		</div>
				<div class="elementor-column elementor-col-50 elementor-top-column elementor-element elementor-element-d7c0634" data-id="d7c0634" data-element_type="column" data-e-type="column">
			<div class="elementor-widget-wrap elementor-element-populated">
						<div class="elementor-element elementor-element-14684e9 elementor-widget elementor-widget-heading" data-id="14684e9" data-element_type="widget" data-e-type="widget" data-widget_type="heading.default">
				<div class="elementor-widget-container">
					<h6 class="elementor-heading-title elementor-size-default">Desde hace muchos años siempre me ha gustado fusionar dos de mis hobbies, el mundo del motor y el de la fotografía,  
para mi una fusión perfecta. Mi nombre es Javier González, CEO de UrbanCarPhotography, fotógrafo de vehículos y productos relacionados con el mundo del motor.
Con la llegada de los móviles de última generación se han mejorado mucho las cámaras fotográficas, la iluminación, los retoques, las diferentes opciones de disparo...está claro no? La tecnología avanza rápido y con fuerza,  pero una buena fotografía no es solo hacer un "click" y reajustar colores, es algo más...es buscar la manera de potenciar esa imágen limpiándola, sacarle detalles, jugar con las sombras, las altas luces ... variantes que podemos reajustar gracias a la edición del formato que nos ofrece nuestra cámara fotográfica y en eso consiste parte de mi trabajo, en exprimir al máximo el potencial de mis fotografías gracias a la edición y el revelado digital. Ya sabes que si tienes cualquier duda o simplemente tienes curiosidad por saber cómo se ha editado una fotografía o la técnica utilizada sólo tienes que contactarme y estaré encantado de poder ayudarte. Gracias por dedicar unos minutos de tu tiempo en leerme y conocerme. Un saludo</h6>				</div>
				</div>
					</div>
		</div>
					</div>
		</section>
				<section class="elementor-section elementor-top-section elementor-element elementor-element-bc5aa69 elementor-section-boxed elementor-section-height-default elementor-section-height-default" data-id="bc5aa69" data-element_type="section" data-e-type="section">
						<div class="elementor-container elementor-column-gap-default">
					<div class="elementor-column elementor-col-25 elementor-top-column elementor-element elementor-element-002b42a" data-id="002b42a" data-element_type="column" data-e-type="column">
			<div class="elementor-widget-wrap elementor-element-populated">
						<div class="elementor-element elementor-element-12a8558 elementor-widget elementor-widget-image" data-id="12a8558" data-element_type="widget" data-e-type="widget" data-widget_type="image.default">
				<div class="elementor-widget-container">
															<img fetchpriority="high" decoding="async" width="1024" height="228" src="https://www.urbancarphotography.com/wp-content/uploads/2022/01/nikon2-1024x228.jpg" class="attachment-large size-large wp-image-127" alt="" srcset="https://www.urbancarphotography.com/wp-content/uploads/2022/01/nikon2-1024x228.jpg 1024w, https://www.urbancarphotography.com/wp-content/uploads/2022/01/nikon2-300x67.jpg 300w, https://www.urbancarphotography.com/wp-content/uploads/2022/01/nikon2-768x171.jpg 768w, https://www.urbancarphotography.com/wp-content/uploads/2022/01/nikon2-1536x342.jpg 1536w, https://www.urbancarphotography.com/wp-content/uploads/2022/01/nikon2-1226x273.jpg 1226w, https://www.urbancarphotography.com/wp-content/uploads/2022/01/nikon2-928x206.jpg 928w, https://www.urbancarphotography.com/wp-content/uploads/2022/01/nikon2.jpg 2006w" sizes="(max-width: 1024px) 100vw, 1024px" />															</div>
				</div>
					</div>
		</div>
				<div class="elementor-column elementor-col-25 elementor-top-column elementor-element elementor-element-da575cc" data-id="da575cc" data-element_type="column" data-e-type="column">
			<div class="elementor-widget-wrap elementor-element-populated">
						<div class="elementor-element elementor-element-c56f04a elementor-widget elementor-widget-image" data-id="c56f04a" data-element_type="widget" data-e-type="widget" data-widget_type="image.default">
				<div class="elementor-widget-container">
															<img decoding="async" width="1024" height="228" src="https://www.urbancarphotography.com/wp-content/uploads/2022/01/neweer-1024x228.jpg" class="attachment-large size-large wp-image-128" alt="" srcset="https://www.urbancarphotography.com/wp-content/uploads/2022/01/neweer-1024x228.jpg 1024w, https://www.urbancarphotography.com/wp-content/uploads/2022/01/neweer-300x67.jpg 300w, https://www.urbancarphotography.com/wp-content/uploads/2022/01/neweer-768x171.jpg 768w, https://www.urbancarphotography.com/wp-content/uploads/2022/01/neweer-1536x342.jpg 1536w, https://www.urbancarphotography.com/wp-content/uploads/2022/01/neweer-1226x273.jpg 1226w, https://www.urbancarphotography.com/wp-content/uploads/2022/01/neweer-928x206.jpg 928w, https://www.urbancarphotography.com/wp-content/uploads/2022/01/neweer.jpg 2006w" sizes="(max-width: 1024px) 100vw, 1024px" />															</div>
				</div>
					</div>
		</div>
				<div class="elementor-column elementor-col-25 elementor-top-column elementor-element elementor-element-bc31fac" data-id="bc31fac" data-element_type="column" data-e-type="column">
			<div class="elementor-widget-wrap elementor-element-populated">
						<div class="elementor-element elementor-element-8d74c14 elementor-widget elementor-widget-image" data-id="8d74c14" data-element_type="widget" data-e-type="widget" data-widget_type="image.default">
				<div class="elementor-widget-container">
															<img decoding="async" width="1024" height="228" src="https://www.urbancarphotography.com/wp-content/uploads/2022/01/kf-1024x228.jpg" class="attachment-large size-large wp-image-129" alt="" srcset="https://www.urbancarphotography.com/wp-content/uploads/2022/01/kf-1024x228.jpg 1024w, https://www.urbancarphotography.com/wp-content/uploads/2022/01/kf-300x67.jpg 300w, https://www.urbancarphotography.com/wp-content/uploads/2022/01/kf-768x171.jpg 768w, https://www.urbancarphotography.com/wp-content/uploads/2022/01/kf-1536x342.jpg 1536w, https://www.urbancarphotography.com/wp-content/uploads/2022/01/kf-1226x273.jpg 1226w, https://www.urbancarphotography.com/wp-content/uploads/2022/01/kf-928x206.jpg 928w, https://www.urbancarphotography.com/wp-content/uploads/2022/01/kf.jpg 2006w" sizes="(max-width: 1024px) 100vw, 1024px" />															</div>
				</div>
					</div>
		</div>
				<div class="elementor-column elementor-col-25 elementor-top-column elementor-element elementor-element-65f5420" data-id="65f5420" data-element_type="column" data-e-type="column">
			<div class="elementor-widget-wrap elementor-element-populated">
						<div class="elementor-element elementor-element-397a535 elementor-widget elementor-widget-image" data-id="397a535" data-element_type="widget" data-e-type="widget" data-widget_type="image.default">
				<div class="elementor-widget-container">
															<img loading="lazy" decoding="async" width="1024" height="228" src="https://www.urbancarphotography.com/wp-content/uploads/2022/01/tamron-1024x228.jpg" class="attachment-large size-large wp-image-130" alt="" srcset="https://www.urbancarphotography.com/wp-content/uploads/2022/01/tamron-1024x228.jpg 1024w, https://www.urbancarphotography.com/wp-content/uploads/2022/01/tamron-300x67.jpg 300w, https://www.urbancarphotography.com/wp-content/uploads/2022/01/tamron-768x171.jpg 768w, https://www.urbancarphotography.com/wp-content/uploads/2022/01/tamron-1536x342.jpg 1536w, https://www.urbancarphotography.com/wp-content/uploads/2022/01/tamron-1226x273.jpg 1226w, https://www.urbancarphotography.com/wp-content/uploads/2022/01/tamron-928x206.jpg 928w, https://www.urbancarphotography.com/wp-content/uploads/2022/01/tamron.jpg 2006w" sizes="(max-width: 1024px) 100vw, 1024px" />															</div>
				</div>
					</div>
		</div>
					</div>
		</section>
				</div>

<p>Desde hace muchos años siempre me ha gustado fusionar dos de mis hobbies, el mundo del motor y el de&#8230;</p>
